{"id":732,"date":"2017-03-20T17:44:46","date_gmt":"2017-03-20T12:44:46","guid":{"rendered":"https:\/\/cerbere.ca\/lexique\/?page_id=732"},"modified":"2020-01-23T13:24:05","modified_gmt":"2020-01-23T18:24:05","slug":"adnhf","status":"publish","type":"page","link":"https:\/\/cerbere.ca\/lexique\/adnhf\/","title":{"rendered":"Projet ADN H\u00e9ritage Fran\u00e7ais \u00a0ADNHF"},"content":{"rendered":"<p><b>Projet ADN H\u00e9ritage Fran\u00e7ais\u00a0 \u00e0 FTDNA\u00a0<\/b><br \/>\n<i>French Heritage DNA Project\u00a0<\/i><\/p>\n<p>Fond\u00e9 en 2005 par Doug MILLER et Jacques BEAUGRAND, le projet compte plus de 8,000 adh\u00e9rents, des nord-am\u00e9ricains d&rsquo;origine fran\u00e7aise, canadienne-fran\u00e7aise, qu\u00e9b\u00e9coise, acadienne, cajun, m\u00e9tis, des fran\u00e7ais de France, de Suisse, de Belgique ainsi que d&rsquo;autres participants qui se r\u00e9clament de souche fran\u00e7aise, m\u00eame lointaine.<\/p>\n<p><b>\u00a0<\/b><\/p>\n","protected":false},"excerpt":{"rendered":"<p>Projet ADN H\u00e9ritage Fran\u00e7ais\u00a0 \u00e0 FTDNA\u00a0 French Heritage DNA Project\u00a0 Fond\u00e9 en 2005 par Doug MILLER et Jacques BEAUGRAND, le projet compte plus de 8,000 adh\u00e9rents, des nord-am\u00e9ricains d&rsquo;origine fran\u00e7aise, canadienne-fran\u00e7aise, qu\u00e9b\u00e9coise, acadienne, cajun, m\u00e9tis, des fran\u00e7ais de France, de Suisse, de Belgique ainsi que d&rsquo;autres participants qui se r\u00e9clament de souche fran\u00e7aise, m\u00eame lointaine. [&hellip;]<\/p>\n","protected":false},"author":1,"featured_media":0,"parent":0,"menu_order":0,"comment_status":"closed","ping_status":"closed","template":"","meta":[],"_links":{"self":[{"href":"https:\/\/cerbere.ca\/lexique\/wp-json\/wp\/v2\/pages\/732"}],"collection":[{"href":"https:\/\/cerbere.ca\/lexique\/wp-json\/wp\/v2\/pages"}],"about":[{"href":"https:\/\/cerbere.ca\/lexique\/wp-json\/wp\/v2\/types\/page"}],"author":[{"embeddable":true,"href":"https:\/\/cerbere.ca\/lexique\/wp-json\/wp\/v2\/users\/1"}],"replies":[{"embeddable":true,"href":"https:\/\/cerbere.ca\/lexique\/wp-json\/wp\/v2\/comments?post=732"}],"version-history":[{"count":3,"href":"https:\/\/cerbere.ca\/lexique\/wp-json\/wp\/v2\/pages\/732\/revisions"}],"predecessor-version":[{"id":1100,"href":"https:\/\/cerbere.ca\/lexique\/wp-json\/wp\/v2\/pages\/732\/revisions\/1100"}],"wp:attachment":[{"href":"https:\/\/cerbere.ca\/lexique\/wp-json\/wp\/v2\/media?parent=732"}],"curies":[{"name":"wp","href":"https:\/\/api.w.org\/{rel}","templated":true}]}}

Projet ADN Héritage Français  ADNHF

<p><b>Projet ADN Héritage Français  à FTDNA </b><br />
<i>French Heritage DNA Project </i></p>
<p>Fondé en 2005 par Doug MILLER et Jacques BEAUGRAND, le projet compte plus de 8,000 adhérents, des nord-américains d&rsquo;origine française, canadienne-française, québécoise, acadienne, cajun, métis, des français de France, de Suisse, de Belgique ainsi que d&rsquo;autres participants qui se réclament de souche française, même lointaine.</p>
<p><b> </b></p>

<p>Projet ADN Héritage Français  à FTDNA  French Heritage DNA Project  Fondé en 2005 par Doug MILLER et Jacques BEAUGRAND, le projet compte plus de 8,000 adhérents, des nord-américains d&rsquo;origine française, canadienne-française, québécoise, acadienne, cajun, métis, des français de France, de Suisse, de Belgique ainsi que d&rsquo;autres participants qui se réclament de souche française, même lointaine. [&hellip;]</p>
