{"id":640,"date":"2017-03-20T05:01:19","date_gmt":"2017-03-20T00:01:19","guid":{"rendered":"https:\/\/cerbere.ca\/lexique\/?page_id=640"},"modified":"2017-03-21T20:43:00","modified_gmt":"2017-03-21T15:43:00","slug":"acpr-ancetre-commun-le-plus-recent","status":"publish","type":"page","link":"https:\/\/cerbere.ca\/lexique\/acpr-ancetre-commun-le-plus-recent\/","title":{"rendered":"ACPR  Anc\u00eatre commun le plus r\u00e9cent"},"content":{"rendered":"<p><b>ACPR \u00a0Anc\u00eatre commun le plus r\u00e9cent.<\/b><br \/>\n<i>MRCA \u00a0Most Recent Common Ancestor<\/i><\/p>\n<p>L&rsquo;ACPR est l\u2019anc\u00eatre le plus r\u00e9cent qui se situe au croisement des lign\u00e9es ancestrales de deux individus apparent\u00e9s. Ainsi l&rsquo;ACPR de deux cousins germains se trouve \u00e0 \u00eatre le grand-p\u00e8re paternel ou maternel.<\/p>\n<p>&nbsp;<\/p>\n<p>&nbsp;<\/p>\n","protected":false},"excerpt":{"rendered":"<p>ACPR \u00a0Anc\u00eatre commun le plus r\u00e9cent. MRCA \u00a0Most Recent Common Ancestor L&rsquo;ACPR est l\u2019anc\u00eatre le plus r\u00e9cent qui se situe au croisement des lign\u00e9es ancestrales de deux individus apparent\u00e9s. Ainsi l&rsquo;ACPR de deux cousins germains se trouve \u00e0 \u00eatre le grand-p\u00e8re paternel ou maternel. &nbsp; &nbsp;<\/p>\n","protected":false},"author":1,"featured_media":0,"parent":0,"menu_order":0,"comment_status":"closed","ping_status":"closed","template":"","meta":[],"_links":{"self":[{"href":"https:\/\/cerbere.ca\/lexique\/wp-json\/wp\/v2\/pages\/640"}],"collection":[{"href":"https:\/\/cerbere.ca\/lexique\/wp-json\/wp\/v2\/pages"}],"about":[{"href":"https:\/\/cerbere.ca\/lexique\/wp-json\/wp\/v2\/types\/page"}],"author":[{"embeddable":true,"href":"https:\/\/cerbere.ca\/lexique\/wp-json\/wp\/v2\/users\/1"}],"replies":[{"embeddable":true,"href":"https:\/\/cerbere.ca\/lexique\/wp-json\/wp\/v2\/comments?post=640"}],"version-history":[{"count":2,"href":"https:\/\/cerbere.ca\/lexique\/wp-json\/wp\/v2\/pages\/640\/revisions"}],"predecessor-version":[{"id":971,"href":"https:\/\/cerbere.ca\/lexique\/wp-json\/wp\/v2\/pages\/640\/revisions\/971"}],"wp:attachment":[{"href":"https:\/\/cerbere.ca\/lexique\/wp-json\/wp\/v2\/media?parent=640"}],"curies":[{"name":"wp","href":"https:\/\/api.w.org\/{rel}","templated":true}]}}