{"id":367,"date":"2017-03-19T00:20:12","date_gmt":"2017-03-18T19:20:12","guid":{"rendered":"https:\/\/cerbere.ca\/lexique\/?page_id=367"},"modified":"2017-03-19T00:20:12","modified_gmt":"2017-03-18T19:20:12","slug":"eve-mitochondriale","status":"publish","type":"page","link":"https:\/\/cerbere.ca\/lexique\/eve-mitochondriale\/","title":{"rendered":"Eve mitochondriale"},"content":{"rendered":"<p><b>Eve mitochondriale <\/b><br \/>\n<i>mitochondrial Eve | maternal line clan<\/i><\/p>\n<p>Anc\u00eatre f\u00e9minin le plus ancien qui le premier a poss\u00e9d\u00e9 un ADN-mt appartenant \u00e0 un haplogroupe particulier et pr\u00e9sentant des variations ou mutations particuli\u00e8res.<\/p>\n<p>&nbsp;<\/p>\n","protected":false},"excerpt":{"rendered":"<p>Eve mitochondriale mitochondrial Eve | maternal line clan Anc\u00eatre f\u00e9minin le plus ancien qui le premier a poss\u00e9d\u00e9 un ADN-mt appartenant \u00e0 un haplogroupe particulier et pr\u00e9sentant des variations ou mutations particuli\u00e8res. &nbsp;<\/p>\n","protected":false},"author":1,"featured_media":0,"parent":0,"menu_order":0,"comment_status":"closed","ping_status":"closed","template":"","meta":[],"_links":{"self":[{"href":"https:\/\/cerbere.ca\/lexique\/wp-json\/wp\/v2\/pages\/367"}],"collection":[{"href":"https:\/\/cerbere.ca\/lexique\/wp-json\/wp\/v2\/pages"}],"about":[{"href":"https:\/\/cerbere.ca\/lexique\/wp-json\/wp\/v2\/types\/page"}],"author":[{"embeddable":true,"href":"https:\/\/cerbere.ca\/lexique\/wp-json\/wp\/v2\/users\/1"}],"replies":[{"embeddable":true,"href":"https:\/\/cerbere.ca\/lexique\/wp-json\/wp\/v2\/comments?post=367"}],"version-history":[{"count":1,"href":"https:\/\/cerbere.ca\/lexique\/wp-json\/wp\/v2\/pages\/367\/revisions"}],"predecessor-version":[{"id":369,"href":"https:\/\/cerbere.ca\/lexique\/wp-json\/wp\/v2\/pages\/367\/revisions\/369"}],"wp:attachment":[{"href":"https:\/\/cerbere.ca\/lexique\/wp-json\/wp\/v2\/media?parent=367"}],"curies":[{"name":"wp","href":"https:\/\/api.w.org\/{rel}","templated":true}]}}