{"id":164,"date":"2017-03-18T19:42:39","date_gmt":"2017-03-18T14:42:39","guid":{"rendered":"https:\/\/cerbere.ca\/lexique\/?page_id=164"},"modified":"2017-03-18T19:43:00","modified_gmt":"2017-03-18T14:43:00","slug":"chromosomes-sexuels","status":"publish","type":"page","link":"https:\/\/cerbere.ca\/lexique\/chromosomes-sexuels\/","title":{"rendered":"chromosomes sexuels"},"content":{"rendered":"<p><b>Chromosomes sexuels <\/b><br \/>\n<i>sex chromosomes<\/i><\/p>\n<p>Les chromosomes X et Y composant la 23e paire de chromosomes chez l&rsquo;humain et qui en d\u00e9terminent le genre sexuel (f\u00e9minin XX ou masculin XY). L&rsquo;ADN d&rsquo;une partie du chromosome Y est tr\u00e8s utile en anthrog\u00e9n\u00e9tique et g\u00e9n\u00e9alogie g\u00e9n\u00e9tique pour \u00e9tudier les lign\u00e9es paternelles de m\u00eame que les migrations.<\/p>\n","protected":false},"excerpt":{"rendered":"<p>Chromosomes sexuels sex chromosomes Les chromosomes X et Y composant la 23e paire de chromosomes chez l&rsquo;humain et qui en d\u00e9terminent le genre sexuel (f\u00e9minin XX ou masculin XY). L&rsquo;ADN d&rsquo;une partie du chromosome Y est tr\u00e8s utile en anthrog\u00e9n\u00e9tique et g\u00e9n\u00e9alogie g\u00e9n\u00e9tique pour \u00e9tudier les lign\u00e9es paternelles de m\u00eame que les migrations.<\/p>\n","protected":false},"author":1,"featured_media":0,"parent":0,"menu_order":0,"comment_status":"closed","ping_status":"closed","template":"","meta":[],"_links":{"self":[{"href":"https:\/\/cerbere.ca\/lexique\/wp-json\/wp\/v2\/pages\/164"}],"collection":[{"href":"https:\/\/cerbere.ca\/lexique\/wp-json\/wp\/v2\/pages"}],"about":[{"href":"https:\/\/cerbere.ca\/lexique\/wp-json\/wp\/v2\/types\/page"}],"author":[{"embeddable":true,"href":"https:\/\/cerbere.ca\/lexique\/wp-json\/wp\/v2\/users\/1"}],"replies":[{"embeddable":true,"href":"https:\/\/cerbere.ca\/lexique\/wp-json\/wp\/v2\/comments?post=164"}],"version-history":[{"count":1,"href":"https:\/\/cerbere.ca\/lexique\/wp-json\/wp\/v2\/pages\/164\/revisions"}],"predecessor-version":[{"id":166,"href":"https:\/\/cerbere.ca\/lexique\/wp-json\/wp\/v2\/pages\/164\/revisions\/166"}],"wp:attachment":[{"href":"https:\/\/cerbere.ca\/lexique\/wp-json\/wp\/v2\/media?parent=164"}],"curies":[{"name":"wp","href":"https:\/\/api.w.org\/{rel}","templated":true}]}}